{"id":579,"date":"2013-07-04T11:33:52","date_gmt":"2013-07-04T11:33:52","guid":{"rendered":"http:\/\/localhost\/whb\/?page_id=579"},"modified":"2026-01-26T09:16:01","modified_gmt":"2026-01-26T09:16:01","slug":"contact","status":"publish","type":"page","link":"https:\/\/tuzlakilisesi.org\/?page_id=579","title":{"rendered":"\u0130leti\u015fim"},"content":{"rendered":"<h1 style=\"text-align: center;\"><strong><span style=\"font-size: inherit;\">\u2020<\/span><\/strong><\/h1>\n<p><span style=\"font-size: inherit;\">\u00a0 \u00a0 \u00a0 \u00a0 \u00a0 \u00a0 \u00a0 \u00a0 Kilisemiz ya da inanc\u0131m\u0131z hakk\u0131nda merka etti\u011finiz konular\u0131 \u00e7ekinmeden bize yazabilir, \u00dccretsiz \u0130ncil talebinde bulunabilirsiniz.\u00a0<\/span><\/p>\n<p><span style=\"font-size: inherit;\">A\u015fa\u011f\u0131da ki telefon numaras\u0131ndan da bize ula\u015fabilirsiniz. Ofis g\u00fcnleri d\u0131\u015f\u0131nda ararsan\u0131z, en k\u0131sa zamanda size geri d\u00f6n\u00fc\u015f sa\u011flanacakt\u0131r.<\/span><\/p>\n<p><em><strong>Kilisemize ba\u011f\u0131\u015f yapmak isterseniz:\u00a0<\/strong><\/em><\/p>\n<p><em><strong>Hesap Ad\u0131: Protestan Kiliseleri Birli\u011fi Vakf\u0131<\/strong><\/em><br \/>\n<em><strong>IBAN : TR32 0001 2009 5510 0016 1000 37<\/strong><\/em><br \/>\n<em><strong>SWIFT Code : TRHBTR2A<\/strong><\/em><br \/>\n<em><strong>Banka Ad\u0131 : Halk Bankas\u0131<\/strong><\/em><\/p>\n<p><em><strong>A\u00e7\u0131klama k\u0131sm\u0131na Ba\u011f\u0131\u015f yazabilirsiniz.\u00a0<\/strong><\/em><\/p>\n<h2 class=\"widget_container widget_contact\" style=\"text-align: center;\"><b><a href=\"https:\/\/goo.gl\/maps\/V5bjTDoS6HrDT3Tc8\" target=\"_blank\" rel=\"noopener\"><img decoding=\"async\" class=\" wp-image-2175 aligncenter\" src=\"https:\/\/tuzlakilisesi.org\/wp-content\/uploads\/2021\/06\/address-icon-1752.png\" alt=\"\" width=\"78\" height=\"78\" \/><\/a><\/b><\/h2>\n<h3 style=\"text-align: center;\"><a href=\"https:\/\/goo.gl\/maps\/4QBxmzZKWEZ2hkoG8\" target=\"_blank\" rel=\"noopener\">Cami Mahallesi Dolmabah\u00e7e Sok No:2<\/a><br \/>\n<b><\/b><strong>Tuzla \/ \u0130STANBUL<br \/>\n<\/strong><\/h3>\n<h2 class=\"widget_container widget_contact\" style=\"text-align: center;\"><strong><a href=\"https:\/\/tuzlakilisesi.org\/wp-content\/uploads\/2013\/07\/phone_ico.png\"><img decoding=\"async\" class=\"size-full wp-image-582 aligncenter\" src=\"https:\/\/tuzlakilisesi.org\/wp-content\/uploads\/2013\/07\/phone_ico.png\" alt=\"\" width=\"55\" height=\"79\" \/><\/a><\/strong><\/h2>\n<h2 style=\"text-align: center;\">Tel : +90 216 446 46 00<\/h2>\n<h2 class=\"widget_container widget_contact\" style=\"text-align: center;\"><strong>Whatsapp : +9<a href=\"https:\/\/wa.me\/5446775066\">0 544 677 50 66<\/a><\/strong><\/h2>\n<h2 style=\"text-align: center;\">____________<\/h2>\n<h2 style=\"text-align: center;\"><\/h2>\n<p style=\"text-align: center;\"><a href=\"https:\/\/tuzlakilisesi.org\/wp-content\/uploads\/2025\/11\/TuzlaKilisesi-2.jpg\" data-wp-editing=\"1\"><img fetchpriority=\"high\" decoding=\"async\" class=\"alignnone size-medium wp-image-2827\" src=\"https:\/\/tuzlakilisesi.org\/wp-content\/uploads\/2025\/11\/TuzlaKilisesi-2-284x300.jpg\" alt=\"\" width=\"284\" height=\"300\" srcset=\"https:\/\/tuzlakilisesi.org\/wp-content\/uploads\/2025\/11\/TuzlaKilisesi-2-284x300.jpg 284w, https:\/\/tuzlakilisesi.org\/wp-content\/uploads\/2025\/11\/TuzlaKilisesi-2-968x1024.jpg 968w, https:\/\/tuzlakilisesi.org\/wp-content\/uploads\/2025\/11\/TuzlaKilisesi-2-768x813.jpg 768w, https:\/\/tuzlakilisesi.org\/wp-content\/uploads\/2025\/11\/TuzlaKilisesi-2-1452x1536.jpg 1452w, https:\/\/tuzlakilisesi.org\/wp-content\/uploads\/2025\/11\/TuzlaKilisesi-2.jpg 1582w\" sizes=\"(max-width: 284px) 100vw, 284px\" \/><\/a><\/p>\n","protected":false},"excerpt":{"rendered":"<p>\u2020 \u00a0 \u00a0 \u00a0 \u00a0 \u00a0 \u00a0 \u00a0 \u00a0 Kilisemiz ya da inanc\u0131m\u0131z hakk\u0131nda merka etti\u011finiz konular\u0131 \u00e7ekinmeden bize yazabilir, \u00dccretsiz \u0130ncil talebinde bulunabilirsiniz.\u00a0 A\u015fa\u011f\u0131da ki telefon numaras\u0131ndan da bize ula\u015fabilirsiniz. Ofis g\u00fcnleri d\u0131\u015f\u0131nda ararsan\u0131z, en k\u0131sa zamanda size geri d\u00f6n\u00fc\u015f sa\u011flanacakt\u0131r. Kilisemize ba\u011f\u0131\u015f yapmak isterseniz:\u00a0 Hesap Ad\u0131: Protestan Kiliseleri [&hellip;]<\/p>\n","protected":false},"author":2,"featured_media":0,"parent":0,"menu_order":0,"comment_status":"closed","ping_status":"open","template":"","meta":{"_crdt_document":"","footnotes":""},"class_list":["post-579","page","type-page","status-publish","hentry"],"_links":{"self":[{"href":"https:\/\/tuzlakilisesi.org\/index.php?rest_route=\/wp\/v2\/pages\/579","targetHints":{"allow":["GET"]}}],"collection":[{"href":"https:\/\/tuzlakilisesi.org\/index.php?rest_route=\/wp\/v2\/pages"}],"about":[{"href":"https:\/\/tuzlakilisesi.org\/index.php?rest_route=\/wp\/v2\/types\/page"}],"author":[{"embeddable":true,"href":"https:\/\/tuzlakilisesi.org\/index.php?rest_route=\/wp\/v2\/users\/2"}],"replies":[{"embeddable":true,"href":"https:\/\/tuzlakilisesi.org\/index.php?rest_route=%2Fwp%2Fv2%2Fcomments&post=579"}],"version-history":[{"count":66,"href":"https:\/\/tuzlakilisesi.org\/index.php?rest_route=\/wp\/v2\/pages\/579\/revisions"}],"predecessor-version":[{"id":2847,"href":"https:\/\/tuzlakilisesi.org\/index.php?rest_route=\/wp\/v2\/pages\/579\/revisions\/2847"}],"wp:attachment":[{"href":"https:\/\/tuzlakilisesi.org\/index.php?rest_route=%2Fwp%2Fv2%2Fmedia&parent=579"}],"curies":[{"name":"wp","href":"https:\/\/api.w.org\/{rel}","templated":true}]}}